{"id":605,"date":"2015-10-29T09:31:24","date_gmt":"2015-10-29T09:31:24","guid":{"rendered":"http:\/\/demowp.cththemes.net\/outdoor\/?page_id=194"},"modified":"2025-12-03T13:53:16","modified_gmt":"2025-12-03T12:53:16","slug":"about-me","status":"publish","type":"page","link":"https:\/\/dominiqueferveur.net\/index.php\/about-me\/","title":{"rendered":"About Me"},"content":{"rendered":"<p>[vc_row cth_layout=&#8221;aboutme_sec&#8221; css=&#8221;.vc_custom_1547332200885{background-color: #4f4f4f !important;}&#8221;][vc_column offset=&#8221;vc_col-md-5&#8243;][\/vc_column][vc_column offset=&#8221;vc_col-md-6&#8243;][vc_column_text]<strong>Dominique FERVEUR<\/strong><\/p>\n<p><strong><u>Travaux photographiques \u2013 expositions<\/u><\/strong><\/p>\n<p><strong>Regard sur la Meuse Approche d&#8217;un territoire rural<\/strong><\/p>\n<p>17 novembre 2025 au 30 avril 2026 Rehlinger-Siersburg (Allemeagne). Exposition collective &#8220;Heimat&#8221;<\/p>\n<p>17 octobre au 19 octobre 2025; Salon de la Photo de Saint Privat la Montagne<\/p>\n<p>24 novembre 2024 au 31 janvier 2025 : Metz dans le cadre de Metz Photo<\/p>\n<p>Une exploration personnelle sur ce d\u00e9partement, visible \u00e9galement sur le site de\u00a0 PISSELCULT.<\/p>\n<p><a style=\"font-size: medium; font-family: 'Futura PT Light', serif;\" href=\"https:\/\/www.pixxelcult.com\/series-detail\/regard-sur-la-meuse-approche-dun-territoire.html\">https:\/\/www.pixxelcult.com\/series-detail\/regard-sur-la-meuse-approche-dun-territoire.html<\/a><\/p>\n<p><span lang=\"fr-FR\">4 F\u00e9vrier au 12 Avril 2024\u00a0: <\/span><span lang=\"fr-FR\"><strong>En attendant Alice<\/strong>. <\/span><span lang=\"fr-FR\">Dans le cadre de Metz Photo sur le th\u00e8me de L\u2019intime et l\u2019insolite. Illustration de le chanson de Brigitte Fontaine : Monsieur le chef de gare de Latour-de-Carole.<\/span><\/p>\n<p>24 Avril au 8 Mai 2022 : Expressions Singuli\u00e8res au ch\u00e2teau de Courcelles \u00e0 Montigny les Metz : <strong>We Go,\u00a0<\/strong>s\u00e9rie en Noir et blanc de portraits de voyageur prise sur le quai de la gare.<\/p>\n<p>28 Janvier au 13 Mars 2022\u00a0:Museum St.Wendel(Allemagne) <strong>La bande \u00e0 Manu\u00a0 \u00a0 \u00a0 \u00a0<a href=\"https:\/\/www.pixxelcult.com\/personnes-detail\/ferveur.html\"> \u00a0<\/a><\/strong><a href=\"https:\/\/www.pixxelcult.com\/personnes-detail\/ferveur.html\">https:\/\/www.pixxelcult.de\/personnes-detail\/ferveur.html<\/a><\/p>\n<p>29 au 31 Octobre 2021\u00a0: Festival Regards de voyageurs \u00e0 Grand-Champ\u00a0: <strong>We Go. <\/strong>Portraits de voyageurs pris sur le quai de la gare.<\/p>\n<p>Metz Photo du 19\/12\/2020 au 19\/02\/2021\u00a0: <strong>La nature r\u00eav\u00e9e<\/strong>. S\u00e9rie de mises en sc\u00e8ne humoristiques ou po\u00e9tiques sur le rapport de l\u2019homme et la nature.<\/p>\n<p>2020 : Festival Graind\u2019Pixel. Besan\u00e7on mus\u00e9e des maisons comtoises du 26\/09 au 1\/11 :\u00a0 <strong>We Go <\/strong>s\u00e9rie en Noir et blanc de portraits de voyageur prise sur le quai de la gare.<\/p>\n<p>2019\u00a0:\u00a012 novembre au 1<sup>er<\/sup> d\u00e9cembre\u00a0: <strong>La travers\u00e9e <\/strong>\u2013 voyage photographique \u00e0 travers le Sri Lanka. Le local rue des Allemands Metz<\/p>\n<p>2017\u00a0<strong>: <\/strong>17 juillet au 22 septembre, galerie L\u2019Atelier de Charles\u00a0: <strong>La travers\u00e9e<\/strong> \u2013 voyage photographique \u00e0 travers le Sri Lanka<\/p>\n<p>2016 : 7 au 22 mai Biennale Internationale de l\u2019image de Nancy : \u00ab <strong>Combat de cops<\/strong> \u00bb. S\u00e9rie r\u00e9alis\u00e9e en Indon\u00e9sie<\/p>\n<p>2015\u00a0: 27 septembre au 27 novembre Merz Photo 4<\/p>\n<p>Et du 31 octobre 1<sup>er<\/sup> novembre, festival de photos de Voyage de Grand-Champs (56)<\/p>\n<p><strong>BICHKEK TASH-RABAT,<\/strong> aux confins de l\u2019Asie centrale<\/p>\n<p>2 au 12 avril porte des Allemands \u00e0 Metz :<strong> KIRGHIZSTAN le bout du monde<\/strong><\/p>\n<p>2014\u00a0: 28 mai au 1<sup>er<\/sup> juin : rencontres photographiques d\u2019Arlon (Belgique).\u00a0 \u00a0 \u00a0 \u00a0\u00ab\u00a0 <strong>Ces gens l\u00e0<\/strong> \u00bb. Ils se sont \u00e9loign\u00e9s de l&#8217;agglom\u00e9ration pour vivre dans un esprit de clan et d&#8217;ind\u00e9pendance farouche, avec leurs propres valeurs, loin de nos standards habituels.<\/p>\n<p>20 juillet au 19 septembre Metz-photo III sur le th\u00e8me \u00ab humanit\u00e9 \u00bb : <strong>Ces gens l\u00e0<\/strong>.<\/p>\n<p>20 et 21 septembre au ch\u00e2teau de Courcelles \u00e0 Montigny les Metz : <strong>KIRGHIZSTAN le bout du monde<\/strong><\/p>\n<p>2013 : 12 au 27 janvier \u00e0 la TUFA de Tr\u00eaves (Allemagne): <strong>P\u00e9riph\u00e9rie urbaine, regard sur Metz<\/strong><\/p>\n<p>21 mars au 3 mai, Metz-Photo II\u00a0: <strong>Le len\u00e7\u00f5is 2012.\u00a0<\/strong>S\u00e9rie r\u00e9alis\u00e9e au Br\u00e9sil.<\/p>\n<p>2011\u00a0: 10 Juin au 24 Juillet dans le cadre de Metz-Photo I<\/p>\n<p><strong>Ces gens l\u00e0, Metz Dimanche matin, une architecture du monde pour Metz, villes du monde<\/strong>, (travaux collectifs)<\/p>\n<p>2008 : 21 mai au 29 Aout Exposition \u00e0 Saint Maur des Foss\u00e9s (94): Plan\u00e8te Tibet. <strong>Sur les traces du Dala\u00eflama.<\/strong><\/p>\n<p>2007\u00a0: Exposition aux Trinitaires du 12 mai au 27 mai\u00a0: <strong>Marly Jazz Festival<\/strong><\/p>\n<p>2006\u00a0: Photographe officiel de <strong>Marly Jazz Festival<\/strong><\/p>\n<p>1 et 2\/09 Exposition \u00e0 Vaux au festival Jazz et Mirabelles<\/p>\n<p>Depuis 2012 \u00e0 2014 collaboration avec le magazine<strong> KARMA<\/strong> pour la couverture du festival <strong>Nancy Jazz Pulsations<\/strong>, dont un N\u00b0 sp\u00e9cial est consacr\u00e9 \u00e0 l\u2019\u00e9dition 2013 pour le 40 \u00e8me anniversaire du festival.<\/p>\n<p><strong><u>R\u00e9compenses<\/u><\/strong><\/p>\n<p>2025 : Club de la presse de Metz. 3\u00e8me prix. Th\u00e8me &#8220;Vivre ensemble&#8221;<\/p>\n<p>2021 : M\u00e9daille reportage de la F\u00e9d\u00e9ration Photographique de France, concours national monochrome<\/p>\n<p>2019 : Concours SNCF &#8220;\u00c9motions passag\u00e8res&#8221; Coup de c\u0153ur du jury<\/p>\n<p>2013 : M\u00e9daille de la F\u00e9d\u00e9ration Photographique de France, concours national monochrome.<\/p>\n<p>2012\u00a0: 1<sup>er<\/sup> au concours r\u00e9gional d\u2019auteur\u00a0 de la F\u00e9d\u00e9ration Photographique de France pour la s\u00e9rie \u00ab Ces gens l\u00e0 \u00bb[\/vc_column_text][\/vc_column][\/vc_row]<\/p>\n","protected":false},"excerpt":{"rendered":"<p>[vc_row cth_layout=&#8221;aboutme_sec&#8221; css=&#8221;.vc_custom_1547332200885{background-color: #4f4f4f !important;}&#8221;][vc_column offset=&#8221;vc_col-md-5&#8243;][\/vc_column][vc_column offset=&#8221;vc_col-md-6&#8243;][vc_column_text]Dominique FERVEUR Travaux photographiques \u2013 expositions Regard sur la Meuse Approche d&#8217;un territoire rural 17 novembre 2025 au 30 avril 2026 Rehlinger-Siersburg (Allemeagne). Exposition collective &#8220;Heimat&#8221; 17 octobre au 19 octobre 2025; Salon de la Photo de Saint Privat la Montagne 24 novembre 2024 au 31 janvier 2025 : [&hellip;]<\/p>\n","protected":false},"author":1,"featured_media":0,"parent":0,"menu_order":0,"comment_status":"closed","ping_status":"closed","template":"homepage.php","meta":{"footnotes":""},"class_list":["post-605","page","type-page","status-publish","hentry"],"_links":{"self":[{"href":"https:\/\/dominiqueferveur.net\/index.php\/wp-json\/wp\/v2\/pages\/605","targetHints":{"allow":["GET"]}}],"collection":[{"href":"https:\/\/dominiqueferveur.net\/index.php\/wp-json\/wp\/v2\/pages"}],"about":[{"href":"https:\/\/dominiqueferveur.net\/index.php\/wp-json\/wp\/v2\/types\/page"}],"author":[{"embeddable":true,"href":"https:\/\/dominiqueferveur.net\/index.php\/wp-json\/wp\/v2\/users\/1"}],"replies":[{"embeddable":true,"href":"https:\/\/dominiqueferveur.net\/index.php\/wp-json\/wp\/v2\/comments?post=605"}],"version-history":[{"count":18,"href":"https:\/\/dominiqueferveur.net\/index.php\/wp-json\/wp\/v2\/pages\/605\/revisions"}],"predecessor-version":[{"id":1490,"href":"https:\/\/dominiqueferveur.net\/index.php\/wp-json\/wp\/v2\/pages\/605\/revisions\/1490"}],"wp:attachment":[{"href":"https:\/\/dominiqueferveur.net\/index.php\/wp-json\/wp\/v2\/media?parent=605"}],"curies":[{"name":"wp","href":"https:\/\/api.w.org\/{rel}","templated":true}]}}